ousands digit of 4049602177?
2
What is the thousands digit of 20133394?
3
What is the hundreds digit of 871910600?
6
What is the hundred thousands digit of 2181821381?
8
What is the hundred millions digit of 3922288896?
9
What is the hundred thousands digit of 122702027?
7
What is the ten thousands digit of 2158337394?
3
What is the tens digit of 1262208257?
5
What is the millions digit of 926912866?
6
What is the thousands digit of 11077790?
7
What is the thousands digit of 93289028?
9
What is the tens digit of 220175314?
1
What is the ten thousands digit of 480310259?
1
What is the hundreds digit of 104974679?
6
What is the ten thousands digit of 6724016?
2
What is the hundreds digit of 12733247?
2
What is the millions digit of 555663820?
5
What is the hundreds digit of 30397293?
2
What is the hundred millions digit of 6178956913?
1
What is the units digit of 43982487?
7
What is the hundred thousands digit of 196422763?
4
What is the hundreds digit of 34453513?
5
What is the tens digit of 86025621?
2
What is the ten millions digit of 467135208?
6
What is the ten thousands digit of 128254597?
5
What is the hundred thousands digit of 507431749?
4
What is the thousands digit of 377729249?
9
What is the units digit of 39405580?
0
What is the ten thousands digit of 165584977?
8
What is the units digit of 872451296?
6
What is the hundred thousands digit of 178347237?
3
What is the hundred thousands digit of 44290734?
2
What is the tens digit of 389037043?
4
What is the ten millions digit of 929091435?
2
What is the ten millions digit of 33123071?
3
What is the hundreds digit of 995827503?
5
What is the thousands digit of 25151234?
1
What is the thousands digit of 4043453076?
3
What is the tens digit of 216447369?
6
What is the hundreds digit of 49516870?
8
What is the ten thousands digit of 2511569868?
6
What is the ten thousands digit of 338388071?
8
What is the ten thousands digit of 928906350?
0
What is the hundreds digit of 61761824?
8
What is the tens digit of 9965727?
2
What is the thousands digit of 612845933?
5
What is the hundred thousands digit of 2228212566?
2
What is the millions digit of 1127676920?
7
What is the hundreds digit of 58255410?
4
What is the tens digit of 1944510421?
2
What is the hundreds digit of 4199194184?
1
What is the hundreds digit of 13296669?
6
What is the hundred millions digit of 6072384715?
0
What is the hundreds digit of 92842117?
1
What is the units digit of 760577868?
8
What is the hundreds digit of 368988221?
2
What is the ten thousands digit of 13387163?
8
What is the ten thousands digit of 186600598?
0
What is the hundred thousands digit of 47683210?
6
What is the billions digit of 1427999533?
1
What is the hundred thousands digit of 205189494?
1
What is the ten thousands digit of 723602765?
0
What is the hundred thousands digit of 193176075?
1
What is the tens digit of 17922463?
6
What is the units digit of 196314617?
7
What is the thousands digit of 213182107?
2
What is the ten thousands digit of 1362499637?
9
What is the units digit of 125525486?
6
What is the hundreds digit of 419232621?
6
What is the millions digit of 12562560?
2
What is the ten thousands digit of 76363227?
6
What is the ten millions digit of 3336770188?
3
What is the millions digit of 852537884?
2
What is the thousands digit of 3278601589?
1
What is the units digit of 236388214?
4
What is the hundred thousands digit of 47959202?
9
What is the hundreds digit of 1026451238?
2
What is the ten thousands digit of 1402485214?
8
What is the ten millions digit of 47077757?
4
What is the tens digit of 647559789?
8
What is the hundreds digit of 2903202866?
8
What is the hundred thousands digit of 33074685?
0
What is the hundreds digit of 104458114?
1
What is the hundred thousands digit of 19135753?
1
What is the units digit of 223388054?
4
What is the millions digit of 1154263742?
4
What is the ten millions digit of 600609707?
0
What is the hundreds digit of 119884507?
5
What is the hundred thousands digit of 201282100?
2
What is the hundred millions digit of 8965518721?
9
What is the hundreds digit of 303833685?
6
What is the thousands digit of 205458099?
8
What is the ten thousands digit of 219260301?
6
What is the ten thousands digit of 1013359859?
5
What is the tens digit of 139301461?
6
What is the thousands digit of 565485420?
5
What is the millions digit of 5254066591?
4
What is the hundreds digit of 4423301633?
6
What is the ten millions digit of 91368542?
9
What is the ten thousands digit of 44423987?
2
What is the ten thousands digit of 37915160?
1
What is the units digit of 30885267?
7
What is the hundreds digit of 27330034?
0
What is the units digit of 26888931?
1
What is the tens digit of 212466142?
4
What is the millions digit of 5840795918?
0
What is the ten thousands digit of 480497468?
9
What is the units digit of 1371756573?
3
What is the ten millions digit of 277746131?
7
What is the ten thousands digit of 113922088?
2
What is the tens digit of 6082310766?
6
What is the millions digit of 16727678?
6
What is the thousands digit of 121062190?
2
What is the ten thousands digit of 450797128?
9
What is the ten thousands digit of 1661587572?
8
What is the billions digit of 2254677115?
2
What is the hundred thousands digit of 149082385?
0
What is the units digit of 812613619?
9
What is the hundreds digit of 1207951503?
5
What is the hundreds digit of 25462363?
3
What is the thousands digit of 428612773?
2
What is the ten millions digit of 113586755?
1
What is the units digit of 187590192?
2
What is the ten millions digit of 54089206?
5
What is the hundreds digit of 2250953836?
8
What is the millions digit of 3080646?
3
What is the thousands digit of 78622663?
2
What is the hundred thousands digit of 3297986456?
9
What is the billions digit of 1270108187?
1
What is the ten millions digit of 1381660579?
8
What is the hundreds digit of 403671989?
9
What is the millions digit of 1619123147?
9
What is the hundred thousands digit of 56795984?
7
What is the ten millions digit of 55408553?
5
What is the ten thousands digit of 161406616?
0
What is the billions digit of 2068492062?
2
What is the hundred thousands digit of 791227253?
2
What is the units digit of 142880216?
6
What is the hundreds digit of 13564132?
1
What is the ten thousands digit of 46164317?
6
What is the billions digit of 1611563869?
1
What is the ten millions digit of 4386954079?
8
What is the hundred millions digit of 1680058998?
6
What is the hundred thousands digit of 471630053?
6
What is the ten millions digit of 60721055?
6
What is the hundreds digit of 190999350?
3
What is the hundred thousands digit of 1078828684?
8
What is the ten thousands digit of 1323239489?
3
What is the ten thousands digit of 97777099?
7
What is the units digit of 256502725?
5
What is the hundred millions digit of 6527638547?
5
What is the hundred thousands digit of 40734828?
7
What is the ten millions digit of 78129870?
7
What is the millions digit of 1900836314?
0
What is the ten millions digit of 75450536?
7
What is the ten thousands digit of 25015190?
1
What is the ten thousands digit of 728290693?
9
What is the millions digit of 127230540?
7
What is the units digit of 24134474?
4
What is the hundreds digit of 11465009?
0
What is the ten thousands digit of 59505816?
0
What is the tens digit of 338130826?
2
What is the ten thousands digit of 38283526?
8
What is the ten thousands digit of 1350424951?
2
What is the hundred thousands digit of 30479638?
4
What is the tens digit of 87707637?
3
What is the tens digit of 449416578?
7
What is the ten thousands digit of 1116463648?
6
What is the hundred thousands digit of 153129793?
1
What is the hundreds digit of 280476906?
9
What is the hundreds digit of 115583159?
1
What is the tens digit of 1673028205?
0
What is the ten thousands digit of 4063769401?
6
What is the hundred thousands digit of 368721270?
7
What is the ten thousands digit of 765621347?
2
What is the hundreds digit of 282159211?
2
What is the hundred thousands digit of 475042301?
0
What is the ten millions digit of 93464836?
9
What is the units digit of 561911233?
3
What is the thousands digit of 431363836?
3
What is the ten thousands digit of 120696812?
9
What is the hundred